{"id":4895,"date":"2021-03-25T10:31:10","date_gmt":"2021-03-25T08:31:10","guid":{"rendered":"https:\/\/corteospitale.org\/site\/?page_id=4895"},"modified":"2021-05-11T12:56:28","modified_gmt":"2021-05-11T10:56:28","slug":"francais","status":"publish","type":"page","link":"https:\/\/corteospitale.org\/site\/francais\/","title":{"rendered":"La Corte Ospitale Fran\u00e7ais"},"content":{"rendered":"<p><strong>SITE DU PATRIMOINE<\/strong><\/p>\n<p>L&#8217;Ospitale de Rubiera est un complexe monumental du XVIe si\u00e8cle, autrefois lieu de repos, de soins et de rafra\u00eechissement pour les p\u00e8lerins en transit le long de la Via Emilia. Depuis 2000, apr\u00e8s une restauration minutieuse, il a \u00e9t\u00e9 utilis\u00e9 comme centre culturel de la municipalit\u00e9 de Rubiera. \u00c0 l&#8217;int\u00e9rieur de l&#8217;h\u00f4pital, il y a maintenant quatre salles de r\u00e9p\u00e9tition, une maison d&#8217;h\u00f4tes d&#8217;environ soixante-dix lits et une cuisine enti\u00e8rement \u00e9quip\u00e9e aujourd&#8217;hui destin\u00e9e aux p\u00e8lerins culturels, les artistes.<\/p>\n<p><strong>MISSION<\/strong><\/p>\n<p>La Corte Ospitale est un espace ouvert et habit\u00e9 qui se veut g\u00e9n\u00e9rateur de processus cr\u00e9atifs et culturels, tant pour les artistes qu&#8217;il produit et accueille en r\u00e9sidence, que pour le territoire qui l&#8217;entoure. Pour les artistes, nous sommes un lieu prot\u00e9g\u00e9, une maison-usine cr\u00e9ative et libre o\u00f9 on peut cr\u00e9er, exp\u00e9rimenter et \u00e9changer. Avec une attention particuli\u00e8re \u00e0 la dramaturgie contemporaine et aux nouveaux langages de la sc\u00e8ne, nous sommes un point de r\u00e9f\u00e9rence pour les jeunes compagnies dont nous accompagnons et soutenons les processus cr\u00e9atifs, dans le but de d\u00e9couvrir de nouveaux talents et d&#8217;encourager le changement g\u00e9n\u00e9rationnel. Pour la communaut\u00e9, nous voulons \u00eatre un lieu ouvert, \u00e0 la fois prot\u00e9g\u00e9 et stimulant, o\u00f9 on se rassemble, se reconna\u00eet et se confronte. Nous pensons que l&#8217;imbrication entre les artistes et le territoire peut \u00eatre nourrissante pour les deux, dans une perspective de rencontre et d&#8217;\u00e9change mutuel.<\/p>\n<p><strong>ACTIVIT\u00c8S <\/strong><\/p>\n<p>L&#8217;Association La Corte Ospitale op\u00e8re dans le domaine du langage th\u00e9\u00e2tral \u00e0 travers trois directions principales : la production, les r\u00e9sidences et l&#8217;accueil. Le moteur de notre recherche concerne l&#8217;innovation des langages de la sc\u00e8ne, la multidisciplinarit\u00e9, le soutien aux nouvelles dramaturgies et le changement g\u00e9n\u00e9rationnel. Chacune des trois actions est travers\u00e9e par des interventions sp\u00e9cifiques de Audience Development car l&#8217;attention port\u00e9e aux communaut\u00e9s et aux territoires est un autre point focal de notre recherche.<\/p>\n","protected":false},"excerpt":{"rendered":"<p>SITE DU PATRIMOINE L&#8217;Ospitale de Rubiera est un complexe monumental du XVIe si\u00e8cle, autrefois lieu de repos, de soins et de rafra\u00eechissement pour les p\u00e8lerins en transit le long de la Via Emilia. Depuis 2000, apr\u00e8s une restauration minutieuse, il &hellip;<\/p>\n","protected":false},"author":1,"featured_media":0,"parent":0,"menu_order":0,"comment_status":"closed","ping_status":"closed","template":"template_it_francese.php","meta":{"_acf_changed":false,"ngg_post_thumbnail":0,"footnotes":"","_links_to":"","_links_to_target":""},"class_list":["post-4895","page","type-page","status-publish","hentry"],"acf":[],"yoast_head":"<!-- This site is optimized with the Yoast SEO plugin v24.7 - https:\/\/yoast.com\/wordpress\/plugins\/seo\/ -->\n<title>La Corte Ospitale Fran\u00e7ais - LA CORTE OSPITALE<\/title>\n<meta name=\"robots\" content=\"index, follow, max-snippet:-1, max-image-preview:large, max-video-preview:-1\" \/>\n<link rel=\"canonical\" href=\"https:\/\/corteospitale.org\/site\/francais\/\" \/>\n<meta property=\"og:locale\" content=\"it_IT\" \/>\n<meta property=\"og:type\" content=\"article\" \/>\n<meta property=\"og:title\" content=\"La Corte Ospitale Fran\u00e7ais - LA CORTE OSPITALE\" \/>\n<meta property=\"og:description\" content=\"SITE DU PATRIMOINE L&#8217;Ospitale de Rubiera est un complexe monumental du XVIe si\u00e8cle, autrefois lieu de repos, de soins et de rafra\u00eechissement pour les p\u00e8lerins en transit le long de la Via Emilia. Depuis 2000, apr\u00e8s une restauration minutieuse, il &hellip;\" \/>\n<meta property=\"og:url\" content=\"https:\/\/corteospitale.org\/site\/francais\/\" \/>\n<meta property=\"og:site_name\" content=\"LA CORTE OSPITALE\" \/>\n<meta property=\"article:publisher\" content=\"https:\/\/www.facebook.com\/corteospitale\" \/>\n<meta property=\"article:modified_time\" content=\"2021-05-11T10:56:28+00:00\" \/>\n<meta name=\"twitter:card\" content=\"summary_large_image\" \/>\n<meta name=\"twitter:label1\" content=\"Tempo di lettura stimato\" \/>\n\t<meta name=\"twitter:data1\" content=\"2 minuti\" \/>\n<script type=\"application\/ld+json\" class=\"yoast-schema-graph\">{\"@context\":\"https:\/\/schema.org\",\"@graph\":[{\"@type\":\"WebPage\",\"@id\":\"https:\/\/corteospitale.org\/site\/francais\/\",\"url\":\"https:\/\/corteospitale.org\/site\/francais\/\",\"name\":\"La Corte Ospitale Fran\u00e7ais - LA CORTE OSPITALE\",\"isPartOf\":{\"@id\":\"https:\/\/corteospitale.org\/site\/#website\"},\"datePublished\":\"2021-03-25T08:31:10+00:00\",\"dateModified\":\"2021-05-11T10:56:28+00:00\",\"breadcrumb\":{\"@id\":\"https:\/\/corteospitale.org\/site\/francais\/#breadcrumb\"},\"inLanguage\":\"it-IT\",\"potentialAction\":[{\"@type\":\"ReadAction\",\"target\":[\"https:\/\/corteospitale.org\/site\/francais\/\"]}]},{\"@type\":\"BreadcrumbList\",\"@id\":\"https:\/\/corteospitale.org\/site\/francais\/#breadcrumb\",\"itemListElement\":[{\"@type\":\"ListItem\",\"position\":1,\"name\":\"Home\",\"item\":\"https:\/\/corteospitale.org\/site\/\"},{\"@type\":\"ListItem\",\"position\":2,\"name\":\"La Corte Ospitale Fran\u00e7ais\"}]},{\"@type\":\"WebSite\",\"@id\":\"https:\/\/corteospitale.org\/site\/#website\",\"url\":\"https:\/\/corteospitale.org\/site\/\",\"name\":\"LA CORTE OSPITALE\",\"description\":\"\",\"publisher\":{\"@id\":\"https:\/\/corteospitale.org\/site\/#organization\"},\"potentialAction\":[{\"@type\":\"SearchAction\",\"target\":{\"@type\":\"EntryPoint\",\"urlTemplate\":\"https:\/\/corteospitale.org\/site\/?s={search_term_string}\"},\"query-input\":{\"@type\":\"PropertyValueSpecification\",\"valueRequired\":true,\"valueName\":\"search_term_string\"}}],\"inLanguage\":\"it-IT\"},{\"@type\":\"Organization\",\"@id\":\"https:\/\/corteospitale.org\/site\/#organization\",\"name\":\"Corte Ospitale\",\"url\":\"https:\/\/corteospitale.org\/site\/\",\"logo\":{\"@type\":\"ImageObject\",\"inLanguage\":\"it-IT\",\"@id\":\"https:\/\/corteospitale.org\/site\/#\/schema\/logo\/image\/\",\"url\":\"\",\"contentUrl\":\"\",\"caption\":\"Corte Ospitale\"},\"image\":{\"@id\":\"https:\/\/corteospitale.org\/site\/#\/schema\/logo\/image\/\"},\"sameAs\":[\"https:\/\/www.facebook.com\/corteospitale\",\"https:\/\/www.instagram.com\/corteospitale\/\",\"https:\/\/www.youtube.com\/user\/LaCorteOspitale1\"]}]}<\/script>\n<!-- \/ Yoast SEO plugin. -->","yoast_head_json":{"title":"La Corte Ospitale Fran\u00e7ais - LA CORTE OSPITALE","robots":{"index":"index","follow":"follow","max-snippet":"max-snippet:-1","max-image-preview":"max-image-preview:large","max-video-preview":"max-video-preview:-1"},"canonical":"https:\/\/corteospitale.org\/site\/francais\/","og_locale":"it_IT","og_type":"article","og_title":"La Corte Ospitale Fran\u00e7ais - LA CORTE OSPITALE","og_description":"SITE DU PATRIMOINE L&#8217;Ospitale de Rubiera est un complexe monumental du XVIe si\u00e8cle, autrefois lieu de repos, de soins et de rafra\u00eechissement pour les p\u00e8lerins en transit le long de la Via Emilia. Depuis 2000, apr\u00e8s une restauration minutieuse, il &hellip;","og_url":"https:\/\/corteospitale.org\/site\/francais\/","og_site_name":"LA CORTE OSPITALE","article_publisher":"https:\/\/www.facebook.com\/corteospitale","article_modified_time":"2021-05-11T10:56:28+00:00","twitter_card":"summary_large_image","twitter_misc":{"Tempo di lettura stimato":"2 minuti"},"schema":{"@context":"https:\/\/schema.org","@graph":[{"@type":"WebPage","@id":"https:\/\/corteospitale.org\/site\/francais\/","url":"https:\/\/corteospitale.org\/site\/francais\/","name":"La Corte Ospitale Fran\u00e7ais - LA CORTE OSPITALE","isPartOf":{"@id":"https:\/\/corteospitale.org\/site\/#website"},"datePublished":"2021-03-25T08:31:10+00:00","dateModified":"2021-05-11T10:56:28+00:00","breadcrumb":{"@id":"https:\/\/corteospitale.org\/site\/francais\/#breadcrumb"},"inLanguage":"it-IT","potentialAction":[{"@type":"ReadAction","target":["https:\/\/corteospitale.org\/site\/francais\/"]}]},{"@type":"BreadcrumbList","@id":"https:\/\/corteospitale.org\/site\/francais\/#breadcrumb","itemListElement":[{"@type":"ListItem","position":1,"name":"Home","item":"https:\/\/corteospitale.org\/site\/"},{"@type":"ListItem","position":2,"name":"La Corte Ospitale Fran\u00e7ais"}]},{"@type":"WebSite","@id":"https:\/\/corteospitale.org\/site\/#website","url":"https:\/\/corteospitale.org\/site\/","name":"LA CORTE OSPITALE","description":"","publisher":{"@id":"https:\/\/corteospitale.org\/site\/#organization"},"potentialAction":[{"@type":"SearchAction","target":{"@type":"EntryPoint","urlTemplate":"https:\/\/corteospitale.org\/site\/?s={search_term_string}"},"query-input":{"@type":"PropertyValueSpecification","valueRequired":true,"valueName":"search_term_string"}}],"inLanguage":"it-IT"},{"@type":"Organization","@id":"https:\/\/corteospitale.org\/site\/#organization","name":"Corte Ospitale","url":"https:\/\/corteospitale.org\/site\/","logo":{"@type":"ImageObject","inLanguage":"it-IT","@id":"https:\/\/corteospitale.org\/site\/#\/schema\/logo\/image\/","url":"","contentUrl":"","caption":"Corte Ospitale"},"image":{"@id":"https:\/\/corteospitale.org\/site\/#\/schema\/logo\/image\/"},"sameAs":["https:\/\/www.facebook.com\/corteospitale","https:\/\/www.instagram.com\/corteospitale\/","https:\/\/www.youtube.com\/user\/LaCorteOspitale1"]}]}},"_links":{"self":[{"href":"https:\/\/corteospitale.org\/site\/wp-json\/wp\/v2\/pages\/4895","targetHints":{"allow":["GET"]}}],"collection":[{"href":"https:\/\/corteospitale.org\/site\/wp-json\/wp\/v2\/pages"}],"about":[{"href":"https:\/\/corteospitale.org\/site\/wp-json\/wp\/v2\/types\/page"}],"author":[{"embeddable":true,"href":"https:\/\/corteospitale.org\/site\/wp-json\/wp\/v2\/users\/1"}],"replies":[{"embeddable":true,"href":"https:\/\/corteospitale.org\/site\/wp-json\/wp\/v2\/comments?post=4895"}],"version-history":[{"count":7,"href":"https:\/\/corteospitale.org\/site\/wp-json\/wp\/v2\/pages\/4895\/revisions"}],"predecessor-version":[{"id":5382,"href":"https:\/\/corteospitale.org\/site\/wp-json\/wp\/v2\/pages\/4895\/revisions\/5382"}],"wp:attachment":[{"href":"https:\/\/corteospitale.org\/site\/wp-json\/wp\/v2\/media?parent=4895"}],"curies":[{"name":"wp","href":"https:\/\/api.w.org\/{rel}","templated":true}]}}

La Corte Ospitale Français

<p><strong>SITE DU PATRIMOINE</strong></p>
<p>L&#8217;Ospitale de Rubiera est un complexe monumental du XVIe siècle, autrefois lieu de repos, de soins et de rafraîchissement pour les pèlerins en transit le long de la Via Emilia. Depuis 2000, après une restauration minutieuse, il a été utilisé comme centre culturel de la municipalité de Rubiera. À l&#8217;intérieur de l&#8217;hôpital, il y a maintenant quatre salles de répétition, une maison d&#8217;hôtes d&#8217;environ soixante-dix lits et une cuisine entièrement équipée aujourd&#8217;hui destinée aux pèlerins culturels, les artistes.</p>
<p><strong>MISSION</strong></p>
<p>La Corte Ospitale est un espace ouvert et habité qui se veut générateur de processus créatifs et culturels, tant pour les artistes qu&#8217;il produit et accueille en résidence, que pour le territoire qui l&#8217;entoure. Pour les artistes, nous sommes un lieu protégé, une maison-usine créative et libre où on peut créer, expérimenter et échanger. Avec une attention particulière à la dramaturgie contemporaine et aux nouveaux langages de la scène, nous sommes un point de référence pour les jeunes compagnies dont nous accompagnons et soutenons les processus créatifs, dans le but de découvrir de nouveaux talents et d&#8217;encourager le changement générationnel. Pour la communauté, nous voulons être un lieu ouvert, à la fois protégé et stimulant, où on se rassemble, se reconnaît et se confronte. Nous pensons que l&#8217;imbrication entre les artistes et le territoire peut être nourrissante pour les deux, dans une perspective de rencontre et d&#8217;échange mutuel.</p>
<p><strong>ACTIVITÈS </strong></p>
<p>L&#8217;Association La Corte Ospitale opère dans le domaine du langage théâtral à travers trois directions principales : la production, les résidences et l&#8217;accueil. Le moteur de notre recherche concerne l&#8217;innovation des langages de la scène, la multidisciplinarité, le soutien aux nouvelles dramaturgies et le changement générationnel. Chacune des trois actions est traversée par des interventions spécifiques de Audience Development car l&#8217;attention portée aux communautés et aux territoires est un autre point focal de notre recherche.</p>

<p>SITE DU PATRIMOINE L&#8217;Ospitale de Rubiera est un complexe monumental du XVIe siècle, autrefois lieu de repos, de soins et de rafraîchissement pour les pèlerins en transit le long de la Via Emilia. Depuis 2000, après une restauration minutieuse, il &hellip;</p>

<!-- This site is optimized with the Yoast SEO plugin v24.7 - https://yoast.com/wordpress/plugins/seo/ -->
<title>La Corte Ospitale Français - LA CORTE OSPITALE</title>
<meta name="robots" content="index, follow, max-snippet:-1, max-image-preview:large, max-video-preview:-1" />
<link rel="canonical" href="https://corteospitale.org/site/francais/" />
<meta property="og:locale" content="it_IT" />
<meta property="og:type" content="article" />
<meta property="og:title" content="La Corte Ospitale Français - LA CORTE OSPITALE" />
<meta property="og:description" content="SITE DU PATRIMOINE L&#8217;Ospitale de Rubiera est un complexe monumental du XVIe siècle, autrefois lieu de repos, de soins et de rafraîchissement pour les pèlerins en transit le long de la Via Emilia. Depuis 2000, après une restauration minutieuse, il &hellip;" />
<meta property="og:url" content="https://corteospitale.org/site/francais/" />
<meta property="og:site_name" content="LA CORTE OSPITALE" />
<meta property="article:publisher" content="https://www.facebook.com/corteospitale" />
<meta property="article:modified_time" content="2021-05-11T10:56:28+00:00" />
<meta name="twitter:card" content="summary_large_image" />
<meta name="twitter:label1" content="Tempo di lettura stimato" />
	<meta name="twitter:data1" content="2 minuti" />
<script type="application/ld+json" class="yoast-schema-graph">{"@context":"https://schema.org","@graph":[{"@type":"WebPage","@id":"https://corteospitale.org/site/francais/","url":"https://corteospitale.org/site/francais/","name":"La Corte Ospitale Français - LA CORTE OSPITALE","isPartOf":{"@id":"https://corteospitale.org/site/#website"},"datePublished":"2021-03-25T08:31:10+00:00","dateModified":"2021-05-11T10:56:28+00:00","breadcrumb":{"@id":"https://corteospitale.org/site/francais/#breadcrumb"},"inLanguage":"it-IT","potentialAction":[{"@type":"ReadAction","target":["https://corteospitale.org/site/francais/"]}]},{"@type":"BreadcrumbList","@id":"https://corteospitale.org/site/francais/#breadcrumb","itemListElement":[{"@type":"ListItem","position":1,"name":"Home","item":"https://corteospitale.org/site/"},{"@type":"ListItem","position":2,"name":"La Corte Ospitale Français"}]},{"@type":"WebSite","@id":"https://corteospitale.org/site/#website","url":"https://corteospitale.org/site/","name":"LA CORTE OSPITALE","description":"","publisher":{"@id":"https://corteospitale.org/site/#organization"},"potentialAction":[{"@type":"SearchAction","target":{"@type":"EntryPoint","urlTemplate":"https://corteospitale.org/site/?s={search_term_string}"},"query-input":{"@type":"PropertyValueSpecification","valueRequired":true,"valueName":"search_term_string"}}],"inLanguage":"it-IT"},{"@type":"Organization","@id":"https://corteospitale.org/site/#organization","name":"Corte Ospitale","url":"https://corteospitale.org/site/","logo":{"@type":"ImageObject","inLanguage":"it-IT","@id":"https://corteospitale.org/site/#/schema/logo/image/","url":"","contentUrl":"","caption":"Corte Ospitale"},"image":{"@id":"https://corteospitale.org/site/#/schema/logo/image/"},"sameAs":["https://www.facebook.com/corteospitale","https://www.instagram.com/corteospitale/","https://www.youtube.com/user/LaCorteOspitale1"]}]}</script>
<!-- / Yoast SEO plugin. -->

La Corte Ospitale Français - LA CORTE OSPITALE

SITE DU PATRIMOINE L&#8217;Ospitale de Rubiera est un complexe monumental du XVIe siècle, autrefois lieu de repos, de soins et de rafraîchissement pour les pèlerins en transit le long de la Via Emilia. Depuis 2000, après une restauration minutieuse, il &hellip;
